{"id":328,"date":"2026-01-23T22:54:25","date_gmt":"2026-01-23T21:54:25","guid":{"rendered":"https:\/\/lous-tchancayres.fr\/?post_type=tribe_events&#038;p=328"},"modified":"2026-02-24T10:00:26","modified_gmt":"2026-02-24T09:00:26","slug":"carnaval","status":"publish","type":"tribe_events","link":"https:\/\/lous-tchancayres.fr\/?tribe_events=carnaval","title":{"rendered":"carnaval de Mont de Marsan"},"content":{"rendered":"<p>Le groupe Folklorique d&rsquo;\u00e9chassiers landais, Lous Tchancayres, participe \u00e0 la cavalcade lors du carnaval de Mont de Marsan sur le th\u00e8me du <strong>Voyage dans le temps.<\/strong><\/p>\n<p>D\u00e9but de la cavalcade \u00e0 14h45, place charles de Gaulle (devant les Halles).<\/p>\n<p>D\u00e9ambulation anim\u00e9e.<\/p>\n<p>&nbsp;<\/p>\n","protected":false},"excerpt":{"rendered":"<p>Le groupe Folklorique d&rsquo;\u00e9chassiers landais, Lous Tchancayres, participe \u00e0 la cavalcade lors du carnaval de Mont de Marsan sur le th\u00e8me du Voyage dans le temps. D\u00e9but de la cavalcade [&hellip;]<\/p>\n","protected":false},"author":1,"featured_media":0,"comment_status":"closed","ping_status":"closed","template":"single-event","meta":{"_monsterinsights_skip_tracking":false,"_monsterinsights_sitenote_active":false,"_monsterinsights_sitenote_note":"","_monsterinsights_sitenote_category":0,"_EventAllDay":false,"_EventTimezone":"Europe\/Paris","_EventStartDate":"2026-02-28 14:00:00","_EventEndDate":"2026-02-28 17:00:00","_EventStartDateUTC":"2026-02-28 13:00:00","_EventEndDateUTC":"2026-02-28 16:00:00","_EventShowMap":true,"_EventShowMapLink":true,"_EventURL":"https:\/\/www.facebook.com\/events\/1451959869688198\/?acontext=event_action_history[surfacegroup]","_EventCost":"","_EventCostDescription":"","_EventCurrencySymbol":"\u20ac","_EventCurrencyCode":"EUR","_EventCurrencyPosition":"prefix","_EventDateTimeSeparator":"","_EventTimeRangeSeparator":"","_EventOrganizerID":[329],"_EventVenueID":[345],"_OrganizerEmail":"","_OrganizerPhone":"","_OrganizerWebsite":"","_VenueAddress":"","_VenueCity":"","_VenueCountry":"","_VenueProvince":"","_VenueState":"","_VenueZip":"","_VenuePhone":"","_VenueURL":"","_VenueStateProvince":"","_VenueLat":"","_VenueLng":"","_VenueShowMap":false,"_VenueShowMapLink":false,"_tribe_events_status":"","_tribe_events_status_reason":"","footnotes":""},"tags":[],"tribe_events_cat":[7],"class_list":["post-328","tribe_events","type-tribe_events","status-publish","hentry","tribe_events_cat-cavalcade","cat_cavalcade"],"aioseo_notices":[],"_links":{"self":[{"href":"https:\/\/lous-tchancayres.fr\/index.php?rest_route=\/wp\/v2\/tribe_events\/328","targetHints":{"allow":["GET"]}}],"collection":[{"href":"https:\/\/lous-tchancayres.fr\/index.php?rest_route=\/wp\/v2\/tribe_events"}],"about":[{"href":"https:\/\/lous-tchancayres.fr\/index.php?rest_route=\/wp\/v2\/types\/tribe_events"}],"author":[{"embeddable":true,"href":"https:\/\/lous-tchancayres.fr\/index.php?rest_route=\/wp\/v2\/users\/1"}],"replies":[{"embeddable":true,"href":"https:\/\/lous-tchancayres.fr\/index.php?rest_route=%2Fwp%2Fv2%2Fcomments&post=328"}],"version-history":[{"count":5,"href":"https:\/\/lous-tchancayres.fr\/index.php?rest_route=\/wp\/v2\/tribe_events\/328\/revisions"}],"predecessor-version":[{"id":538,"href":"https:\/\/lous-tchancayres.fr\/index.php?rest_route=\/wp\/v2\/tribe_events\/328\/revisions\/538"}],"wp:attachment":[{"href":"https:\/\/lous-tchancayres.fr\/index.php?rest_route=%2Fwp%2Fv2%2Fmedia&parent=328"}],"wp:term":[{"taxonomy":"post_tag","embeddable":true,"href":"https:\/\/lous-tchancayres.fr\/index.php?rest_route=%2Fwp%2Fv2%2Ftags&post=328"},{"taxonomy":"tribe_events_cat","embeddable":true,"href":"https:\/\/lous-tchancayres.fr\/index.php?rest_route=%2Fwp%2Fv2%2Ftribe_events_cat&post=328"}],"curies":[{"name":"wp","href":"https:\/\/api.w.org\/{rel}","templated":true}]}}

<p>Le groupe Folklorique d&rsquo;échassiers landais, Lous Tchancayres, participe à la cavalcade lors du carnaval de Mont de Marsan sur le thème du <strong>Voyage dans le temps.</strong></p>
<p>Début de la cavalcade à 14h45, place charles de Gaulle (devant les Halles).</p>
<p>Déambulation animée.</p>
<p>&nbsp;</p>

<p>Le groupe Folklorique d&rsquo;échassiers landais, Lous Tchancayres, participe à la cavalcade lors du carnaval de Mont de Marsan sur le thème du Voyage dans le temps. Début de la cavalcade [&hellip;]</p>
